6)/4. Calculate the greatest common factor of s and t.
3
Suppose -12*h = -16*h + 232. What is the greatest common divisor of h and 667?
29
Let v be 12/(-120)*-10 - (-132 + 1). What is the greatest common factor of v and 1254?
66
Let g(d) = 82*d**2 - 4*d + 4. Let j be g(2). Calculate the highest common divisor of 12 and j.
12
Let g(f) = 3*f**2 - 12*f + 4. Let m be g(9). Let a = m + -51. What is the greatest common divisor of 11 and a?
11
Let n be ((-12)/1)/((-5)/(-135)). Let y be 140/3*n/(-126). What is the highest common divisor of 15 and y?
15
Suppose 4*f - 605 = -2*h + 55, 2*h = -2*f + 660. Calculate the highest common factor of h and 15.
15
Let t(r) = -r**3 - 12*r**2 + 12*r + 2. Let l be t(-13). Let w(h) = 11*h**2 - 8*h - 3. Let f be w(-3). Calculate the highest common factor of f and l.
15
Suppose 4*h - 5*s = 145, 4*h - 205 = 4*s - 57. Let f be (10 + -2)*(10 - (-16)/(-2)). What is the greatest common divisor of h and f?
8
Suppose 0 = z - j - 3, -3*z + 18 = 2*j - 11. Let u = z - 6. Let n = -2 + 5. Calculate the highest common factor of n and u.
1
Let b = 43 - 33. Let x(s) = -s**3 + 4*s**2 + s - 2. Let j be x(4). Suppose -66 = -4*w - 3*q - 0*q, 32 = j*w + q. Calculate the highest common factor of b and w.
5
Let k(y) = -y**2 - 3*y + 96. Let q be k(8). What is the greatest common factor of q and 92?
4
Suppose -4*p + p + 12 = 0. Suppose -2*h - o - 2 = 0, -h - o = o + p. Suppose -10 + h = -l. What is the greatest common divisor of l and 110?
10
Let a = 93 + -93. Let c be (-3 - -1)/(4/(-6)). Suppose d + 0 - c = a. Calculate the highest common divisor of d and 24.
3
Let k be -10 + 560/8 - 0. Suppose 27 = 2*a - 9. Let v = -6 + a. Calculate the highest common factor of v and k.
12
Let t(r) = -6*r + 6. Let q be t(3). Let a be (-74)/q + 1/(-6). Calculate the highest common divisor of 54 and a.
6
Suppose -p = -5 + 1. Suppose -y + 2*y = -2*o + 47, -p*y - 3*o = -168. Suppose j + 4*a = y + 5, -3*j + 77 = a. Calculate the greatest common factor of j and 16.
8
Let a be ((-4)/3)/(2/(-36)). Let m be 3 - (1 + ((-2)/(-1) - 12)). Calculate the greatest common factor of a and m.
12
Suppose 2*r = 4*m + 18, 2*m = 5*r - 2*m - 21. Calculate the greatest common divisor of r and 29.
1
Let d(y) = -14*y + 3. Let s(p) = 4 - p - 4*p - 8*p + 12*p. Let m be s(6). Let x be d(m). Calculate the greatest common factor of x and 62.
31
Suppose -3*z + 378 = -z - t, -2*z = 4*t - 378. What is the greatest common divisor of 42 and z?
21
Let x = -29 + 31. Suppose -561 = -x*y - y. What is the highest common factor of y and 17?
17
Suppose 6*v = 15*v - 675. Calculate the greatest common divisor of 15 and v.
15
Suppose 5*k - 21 = 24. Let w be (3 + (-15)/k)*96. Calculate the greatest common divisor of 16 and w.
16
Suppose p = -3*p - 2*z + 12, -20 = -5*z. Let s(b) = -2*b + 2 + 1 - 2*b**2 - 2 + 5*b**3 + 3*b**2. Let i be s(p). Calculate the highest common divisor of 5 and i.
5
Let q be (426/8 - 1)/((-5)/(-20)). Let s be 36/(-24)*-2*(-11)/(-3). What is the greatest common divisor of s and q?
11
Suppose -1160 = 4*l - 24*l. Calculate the greatest common factor of 203 and l.
29
Let x be 200/(-90) - 4/(-18). Let m be 9 + (x - (-6)/((-2)/(-1))). Calculate the greatest common factor of m and 55.
5
Let u be 1/(2/(-5220)*-5). What is the highest common divisor of 18 and u?
18
Let n = 39 + -13. What is the greatest common divisor of n and 1430?
26
Let l = -635 + 712. What is the greatest common factor of 2849 and l?
77
Let d(u) = -10*u - 110. Let l be d(-12). Suppose -5*x - 5*h = -390, 12 = x + 3*h - 62. What is the highest common divisor of x and l?
10
Suppose 0 = -7*n - n + 2320. Let t = n + -200. What is the highest common factor of t and 18?
18
Let h(n) = -n**3 - 10*n**2 - 2*n - 13. Let u be h(-10). What is the greatest common divisor of 189 and u?
7
Suppose -9*k + 1656 = -8*k. Suppose k = 7*v + 2*v. What is the greatest common divisor of v and 23?
23
Let t = -1404 - -1432. What is the highest common divisor of 16 and t?
4
Suppose 24*d - 617 = -65. Let l be ((-46)/(-4) + 0)*2. Calculate the greatest common divisor of l and d.
23
Let l be 7/4*(-19)/((-209)/308). Calculate the greatest common divisor of 56 and l.
7
Let b be 57/38 + 2364/8. What is the greatest common divisor of 135 and b?
27
Suppose 3*h - 32 = -23. Suppose 0 = h*c - 29 + 2. Suppose -l - 44 = -3*l + 4*w, -l + 4*w = -26. Calculate the highest common divisor of l and c.
9
Suppose -526 = -4*h - 0*u - 2*u, h - 139 = -3*u. Suppose 5*z + t - 145 = z, h = 3*z + 5*t. Calculate the highest common divisor of 14 and z.
7
Suppose -5*n + 4*f = -1600, -5*n = f + 4*f - 1600. Suppose x = 2*w - 152, 4*w - 3*x = -5*x + n. Calculate the highest common divisor of w and 6.
6
Let b(z) = -2*z + 58. Let q be b(15). Let c be (-2192)/(-14) - 16/q. Calculate the greatest common factor of 12 and c.
12
Let n(h) = 18*h**2 - 9*h + 11. Let k be n(-3). Calculate the highest common factor of 125 and k.
25
Let v = 1651 + -1492. What is the highest common factor of v and 3?
3
Let p(w) = -33*w + 17. Let a(h) = -11*h + 6. Let b(j) = 8*a(j) - 3*p(j). Let q be b(2). Calculate the highest common divisor of q and 114.
19
Let q = -40 - -51. Let h be 295 - 1/(3/(-6)). Suppose 0*d = 3*d - h. Calculate the greatest common factor of d and q.
11
Let b(a) = 11*a**3 - 11*a**2 - 18*a + 71. Let o be b(6). What is the greatest common factor of 29 and o?
29
Let q be (-23)/(-5) - 69/115. Let v be (-1 + q)*(-10)/(-6). Suppose 5*l + 4 + 1 = -v*y, 3*y = -15. What is the greatest common factor of 10 and l?
2
Let q = 113 + -71. Let t(i) = 56*i + 630. Let v be t(-11). What is the greatest common divisor of q and v?
14
Suppose 4*g + 75 = 6*g + 5*c, 2*c = 3*g - 141. Calculate the greatest common divisor of 495 and g.
45
Let x be (-4 - (-4 + 1))*-4. Let p(i) = x*i**2 - i + 2 - i**3 - 4 + 2*i**3 + 4. Let h be p(-4). Calculate the greatest common divisor of 54 and h.
6
Let u = -4 - -28. Let p = u + -24. Suppose 5*h + 4*b = 1580, -h + p*b + 297 = -3*b. Calculate the greatest common divisor of 39 and h.
39
Let h(q) = -q + 5. Let g be h(-12). Let k be (1*(-1 - 1))/1. Let i = 32 - k. Calculate the greatest common divisor of g and i.
17
Let g(k) = k**2 - 3*k + 15. Let v be g(0). What is the highest common divisor of 555 and v?
15
Let t be -2*(-1 + (-504)/16). Calculate the highest common divisor of 39 and t.
13
Suppose 4*i = 0, -b = -4*b - 3*i + 81. Suppose -4*q = -7*q + b. Calculate the greatest common divisor of q and 1.
1
Let g(u) = -u**3 + 5*u**2. Let l be g(4). Suppose -2*f = f + d + 32, 2*f = -2*d - l. Let v be (104/f)/(6/(-9)). What is the greatest common divisor of 13 and v?
13
Let f = -123 - -221. Calculate the highest common factor of f and 49.
49
Suppose -p - 22 = 5*c, -4*c = 4*p + c + 13. Suppose p*y = 62 + 34. Calculate the highest common divisor of 8 and y.
8
Let g = 10 - -11. Let m(y) = 3*y**2 + g - 21 + 3*y - 2*y**2. Let w be m(3). Calculate the greatest common factor of 2 and w.
2
Suppose 9*a = -2*a + 209. What is the greatest common factor of a and 589?
19
Let z be -19*(8 - 4 - 5). Let f = 27 - z. Let i be (-2 - -4)/(2/f). Calculate the highest common factor of i and 4.
4
Suppose -113 = -6*y - 17. Calculate the greatest common divisor of y and 320.
16
Suppose -5*u + 177 = 97. Let w = 272 + -160. What is the highest common divisor of u and w?
16
Suppose 14*p + 176 = 3*p. Let w(j) = -j**2 - 18*j - 1. Let b be w(p). Calculate the greatest common divisor of b and 62.
31
Suppose 0 = -4*w - 2*v + 66, -w + 11 = v - 3. Calculate the greatest common factor of w and 95.
19
Let r(w) = w - 3. Let t be r(5). Let k = t - 1. Let q = -3 - -5. What is the highest common divisor of q and k?
1
Let f(a) = -170*a - 415. Let d be f(-7). Calculate the highest common factor of d and 62.
31
Suppose 0 = -0*j + 2*j + 2*n - 26, -3*n - 45 = -3*j. Let h be (3 - 1 - (-16 - -17))*56. Calculate the highest common divisor of j and h.
14
Let p(y) = 4 + y**2 - 2*y**2 + 12 + 0*y - y**3 + y. Let v be p(0). Calculate the greatest common factor of v and 8.
8
Suppose 3*m = 7*m - 24. Calculate the highest common factor of m and 228.
6
Suppose -5*o - 304*s = -299*s - 4510, -s + 3602 = 4*o. What is the highest common divisor of o and 500?
100
Let y = 390 + -374. Let k(o) = -2*o**2 + 2*o + 4. Let j be k(4). Let l be (-2)/(((-1